 + 5 - x. Calculate r(4).
1
Let f(d) = -7*d**2 + 7*d + 4. Let m(s) = 13*s**2 - 14*s - 7. Let y(p) = 11*f(p) + 6*m(p). Calculate y(8).
10
Let j(f) = -4*f + 7*f + f**3 + 3*f**2 + 2 + 2*f**2. Let z be (1/3)/(3/27). Suppose -z*h + 0 = 4*a + 2, 4*a + 10 = h. What is j(a)?
8
Let q(t) = -t + 1. Let r(d) = -d**2 + 4*d. Let g be r(3). Let p(o) = o - 1. Let l(x) = g*p(x) + 2*q(x). Determine l(6).
5
Suppose -14 + 4 = -5*q. Let j(k) = 2*k - k**2 - 7 - 2*k**2 - q*k**2 + k**3. Let b be (-28)/12*-3 - 2. Give j(b).
3
Let f(w) = -w**3 + 5*w**2 - w - 2. Let h be f(5). Let n(r) = 2*r**2 + 10*r + 6. Determine n(h).
34
Let b(f) = -f**3 - 10*f**2 - 4*f - 5. Suppose -92 = 10*i + 8. Determine b(i).
35
Suppose n + z = 2, 5*n + 4*z - 2*z + 2 = 0. Let d(w) = w**2 - 2. Let t be d(n). Suppose -t*a = 9 - 1. Let x(l) = 2*l + 2. What is x(a)?
-6
Let p = -5 + 1. Let w(m) = 1 - 33*m - 42*m + 82*m + 2*m**2 + 4. Determine w(p).
9
Suppose o = -2*c - 1, 4*o - 2*c + 5*c - 21 = 0. Let h be 12/o*(-27)/6. Let f(a) = -a**3 - 5*a**2 + 4*a - 4. Give f(h).
8
Suppose 4*m - 9 = 3*m + 5*b, 4*m + 4*b = -36. Let i(v) be the first derivative of -v**4/4 - 2*v**3 + v**2 - 3*v - 264. What is i(m)?
-15
Let t(l) = -4*l**3 - 6*l + 7. Let p be t(1). Let z(f) = -8*f + 1. Give z(p).
25
Suppose -3*y = 9*y + 612. Let k = 52 + y. Let l(m) = 16*m**2 - m + 1. Calculate l(k).
16
Let a(m) be the first derivative of -4 - 1/3*m**3 + 0*m + 3/2*m**2. Calculate a(5).
-10
Suppose 6*z = -4*o + 3*z - 25, -2*o + 3*z = 35. Let m(r) = r**2 + 10*r + 11. Calculate m(o).
11
Let b(v) = -v**3 + 10*v**2 - v + 5. Suppose -4*c = 2*j + 2*j + 12, c + 11 = -3*j. Let r be (6/(c + -3))/((-3)/10). Determine b(r).
-5
Let f(j) = -j**3 + j**2 + 4*j + 3. Suppose 0 = 9*i + 187 - 673. Let w = -56 + i. Give f(w).
7
Let v be 2*(-6)/(-3) - 2. Let r(k) = -k**2 - 3*k + v*k + k**3 + k. Give r(2).
4
Let k(r) = -r**3 + 5*r**2 - 2*r + 6. Suppose -i + 47 = 3*n, 4*n + 0*i - 5*i - 69 = 0. Let v = n + -11. What is k(v)?
-4
Let n(b) = 14*b - 3*b - b**2 - 5*b**2 + b**2 + 6*b**2 + 6. Determine n(-9).
-12
Let d(n) = -4*n**2 + 5*n**2 + 982*n + 10 - 970*n. Determine d(-10).
-10
Let b be (10/4)/((-6)/(-24)) + -2. Let l = 26 + -12. Let g = l - b. Let d(i) = i**2 - 5*i - 3. Give d(g).
3
Let f be ((-1)/(1/2))/((-1)/2). Suppose i = 3*l + 16 - 0, 4*i + f*l = 0. Let j(q) = -q**3 + 4*q**2 + q - 4. What is j(i)?
0
Let v(i) = -87 + 46 + 40. Let p(l) = -2*l**2 + 5*l - 1. Let f(b) = -p(b) - 2*v(b). What is f(3)?
6
Let i(y) = -y**2 + 8*y - 6. Suppose 3*x = -2*j + 5, 5*x - 5*j + 3*j - 35 = 0. Determine i(x).
9
Suppose 4*q + 19 = -5. Let y(b) = -b**2 - 10*b - 9. Let h be y(q). Let n = h + -21. Let v(w) = 2*w + 6. Calculate v(n).
-6
Let h(o) = 20*o**2 - 2*o - 2. Let l(w) = -3*w**3 - 39*w**2 + 3*w + 41. Let n be l(-13). Determine h(n).
74
Suppose -182*t = -185*t + 6. Let f(g) = -1 + 1 + g**2 - 1 + 18*g - 17*g. What is f(t)?
5
Let g(o) be the first derivative of 3*o + 9 + 1/3*o**3 + 3*o**2. What is g(-6)?
3
Let x(q) = q**2 - 5*q + 3. Let w(i) = 2*i**2 - 10*i + 8. Let g(c) = 2*w(c) - 5*x(c). What is g(6)?
-5
Let l(j) = 4*j - 3*j + 136 - 140. Let r be l(0). Let q(u) = 2*u + 4. Determine q(r).
-4
Let j(q) = -q**2 - 6*q - 4. Suppose r + 63 - 42 = 0. Let g = -25 - r. Calculate j(g).
4
Let k(d) = d**3 - d**2 + d - 12. Suppose -18*q - 9*q = 22*q. Calculate k(q).
-12
Let r = -2086 - -2088. Let d(k) be the first derivative of -1/2*k**r - 4*k - 4. What is d(-3)?
-1
Suppose 3*u - 14 = -5. Let b(x) = -2*x**u - 2*x - 2 + 3*x**2 + 12*x**2 + x**2 - 17*x**2. Determine b(-2).
14
Let i(u) = 7 + 2*u**3 - 13 + 6 + 6 + u**2. Give i(-2).
-6
Suppose t = 3*f - 2*f + 7, 5*t = 3*f + 27. Let l(d) = 5*d - 11. Let y(k) = -k + 1. Let m(n) = -l(n) - 6*y(n). Determine m(f).
1
Let x(p) = p**3 + 16*p**2 - 18*p - 14. Let f be x(-17). Let n(i) be the first derivative of 1/3*i**3 + 2*i - 3/2*i**2 - 1. Calculate n(f).
2
Let r(x) = 23*x + 1. Let h be r(-1). Let m = h - -16. Let k(z) = 7*z - 2*z**3 + 7*z**2 + 3*z**3 + 3 + 0*z**3. Give k(m).
-3
Let r(p) = -4*p - 1. Let l(h) = 5*h. Let y(u) = 5*l(u) + 6*r(u). Let j = -831 + 826. What is y(j)?
-11
Let y(s) be the second derivative of -s**4/12 - 4*s**3/3 - 2*s**2 + 8*s. Suppose g = 5*f + 25, 4*g - 10 = 4*f + f. Determine y(f).
8
Let t = -12 - -1. Let b = -7 - t. Let h(o) = 7*o**2 - o**3 - b + o**2 - 3*o**2 - 2. What is h(5)?
-6
Let m(b) = -2*b**2 + 4*b - 3. Let z = 98 - 95. Let x be m(z). Let w(o) = -o**2 - 11*o - 2. What is w(x)?
16
Let l = -4 - -11. Suppose -3 = 2*d - l. Let o(n) = n. Determine o(d).
2
Let c(d) = 46*d - 226. Let j be c(5). Let g(v) = -7*v**3 + 3*v**2 + 2. Let s(i) = -8*i**3 + 3*i**2 - i + 3. Let n(p) = 7*g(p) - 6*s(p). Determine n(j).
4
Let v(c) = -6*c**2 + 53*c + 3. Let h be v(9). Let y(o) = -o**3 - 4*o**2 + 12*o - 3. Give y(h).
-3
Let i(v) = -9*v - 1 - 16*v**2 + 15*v**3 + 11*v**3 + 4 - 27*v**3 + 23*v**2. Determine i(6).
-15
Let r = -3 + 8. Let n(x) = -3*x**2 - 6*x + 4. Let f(z) = -z**3 + z**2 - z - 1. Let m be (-2 + (-9)/(-3))/1. Let q(b) = m*n(b) - f(b). Give q(r).
5
Let j(c) = -c - 14. Let z(v) = -v**3 + 5*v**2 + 4*v. Let d be z(6). Determine j(d).
-2
Let o(n) = -6*n + 9. Let b be o(-3). Suppose -4*p + 3 = b. Let l(m) = m + 5. Determine l(p).
-1
Let r = 130 - 97. Let y(f) = -37 + r - f - 2*f. Calculate y(-3).
5
Let y(c) = -c**3 - 5*c**2 - 3*c - 6. Suppose -2*f + 3 = -3*o - 1, -4*f - 2*o = -40. Suppose -f*j = -4*j - 80. Suppose -4*z + 0 = j. Give y(z).
9
Let u(c) be the third derivative of -c**4/24 - c**3/6 - c**2 - 30*c. Determine u(0).
-1
Let n = -38 - -40. Let q(u) = -12*u**3 + 512*u - 1 + u**2 + 0*u**n - 513*u + 4*u**3. Calculate q(-1).
9
Let k(j) = -j + 9. Suppose -43*u - 144 = -746. What is k(u)?
-5
Let h(f) = 1 + 3*f - f - f. Suppose 0 = q - 3*q + 5*b + 13, 0 = -4*q - 4*b - 44. Let j be 15*(16/q - -3). Determine h(j).
6
Let q(m) = -5*m**2 + 3*m - 5. Let v(u) = 9*u**2 - 7*u + 10. Suppose -f - 3*t + 16 = 0, 3*t + 6 = 15. Let o(c) = f*q(c) + 4*v(c). Determine o(6).
-1
Let f(k) = -k**2 + k + 1. Let h be f(2). Let q be -3 - h/((-1)/(-8)). Let z(c) = -c + 3. Let b(u) = u - 4. Let d(r) = 4*b(r) + 5*z(r). Determine d(q).
-6
Suppose 40 = 2*a + 8*a. Let d(h) = 187*h + a - 193*h - 3 + 2. Determine d(-3).
21
Let i = -8 - -10. Suppose 4*o = i*o. Let w(q) = 1 + o - q - 1. What is w(6)?
-6
Let q(k) = -4*k**3 + k**2 + k + 5. Let o(b) = -9*b**3 + 2*b**2 + 2*b + 9. Let i(s) = -3*o(s) + 7*q(s). Calculate i(0).
8
Let p(s) = 3*s**2 - 13*s + 49*s - 15*s - 7 - 12*s - 4*s**2. Determine p(6).
11
Let l = 6 + -4. Let a(z) = 5 + 5*z + 19*z**2 + 7*z**3 + 8 - l. Let r(y) = 3*y**3 + 9*y**2 + 2*y + 5. Let f(m) = 2*a(m) - 5*r(m). What is f(-7)?
-3
Suppose -6*v + 6 = -6. Let s(c) = -4*c**2 + 5*c + 5. Let r(k) = -4*k**2 + 4*k + 4. Let f(d) = v*s(d) - 3*r(d). Determine f(2).
10
Let a(m) be the first derivative of -m**2/2 + 4*m + 112. Give a(8).
-4
Let v(w) = -w**2 - 1. Suppose -4*j + 10 - 6 = 0. Let f(y) = 6*y**2 + 5*y - 3. Let m(l) = j*f(l) + 5*v(l). Give m(-7).
6
Let w(t) = t**2 + 2*t + 34. Let i(y) = 12*y + 12. Let u be i(-1). Give w(u).
34
Let r(j) = 8*j**2 - 408*j + 2. Let z be r(51). Let x be 2 - (-2 + 0/1). Let u(a) = x - 3 + 0*a - a. Determine u(z).
-1
Let a(j) = 3*j**2 + 6*j + 7. Let m(o) = 7*o**2 + 13*o + 15. Let r(l) = -13*a(l) + 6*m(l). Let c be (8/(-6))/(12/18). Calculate r(c).
11
Suppose 8*c + 123 = 1163. Let k be 6/12 - c/4. Let w = -28 - k. Let t(z) = z - 3. Give t(w).
1
Let v(x) = -8699 - x**3 + 8700 + 4*x**3. Determine v(1).
4
Let b(m) = 26*m + 12. Let z(y) = 39*y + 17. Let k(d) = -7*b(d) + 5*z(d). What is k(-1)?
-12
Let t(v) = -6*v + 5. Let i = -20 - -24. Let l(h) = 3*h - 2. Let k(p) = 2*p - 1. Let n(r) = -2*k(r) + 3*l(r). Let g(f) = i*t(f) + 5*n(f). What is g(5)?
5
Suppose -5*d - 13 = -3*s + 9, s - 12 = 4*d. Let w(u) = 6 + u - s - 4 + 1. Suppose 0*t + 4*t - 24 = 0. Give w(t).
5
Let p(a) = -a**2 - 14*a - 31. Suppose y - 31 = 4*g + 8, -2*y = 4*g + 54. Give p(g).
2
Let d(p) = -p**3 + 7*p**2 + 8*p - 4. Suppose -k + 2 = -3. Suppose k*v - 2*v - 24 = 0. Determine d(v).
-4
Let o(b) be the second derivative of 0 + 1/6*b**3 - b - 1/2*b**2. Calculate o(3).
2
Suppose -2*p - 1 = 5*j + 2*p, -2*p = -2*j + 14. Let x(h) be the first derivative of -7/2*h**2 - 2*h + 1/3*h**j - 1. Calculate x(6).
-8
Let k(g) = -g**2 - 3*g + 77. Let w be k(7). Let b(n) = -n**3 + 8*n**2 - 5